In base 11, what is 371 + -37a?
-9
In base 7, what is 21631 + 4?
21635
In base 12, what is -1 - 45bb5?
-45bb6
In base 4, what is 33 + 113123322?
113130021
In base 5, what is -3 + -203?
-211
In base 6, what is 450111 + 15?
450130
In base 6, what is 41515233 - 5?
41515224
In base 9, what is -24680 + 7?
-24672
In base 4, what is 322 + -20122?
-13200
In base 11, what is 1 + -a542?
-a541
In base 6, what is -35504135 - -4?
-35504131
In base 9, what is -7425 - -40?
-7375
In base 13, what is -247 + -20?
-267
In base 16, what is -2 - 1944?
-1946
In base 15, what is 4 + c282b?
c2830
In base 3, what is -22112010 - 22?
-22112102
In base 15, what is 2 + 87e8?
87ea
In base 13, what is -1 - -526a?
5269
In base 5, what is -303 - -3102?
2244
In base 7, what is -1421 + -11?
-1432
In base 14, what is 237 - 69?
1ac
In base 13, what is -3 + -8733?
-8736
In base 13, what is -250 - -462?
212
In base 15, what is 7e4d - -3?
7e51
In base 5, what is -12004131004 + 0?
-12004131004
In base 3, what is 1012202 + 1?
1012210
In base 16, what is -2d2 + -59?
-32b
In base 12, what is -12a47 - 202?
-13049
In base 5, what is -3 + 22031210?
22031202
In base 6, what is -50320 + -11?
-50331
In base 9, what is 47584 + 7?
47602
In base 4, what is -3 - 2221322?
-2221331
In base 7, what is -14263 - 3?
-14266
In base 14, what is 1a99c + -2?
1a99a
In base 7, what is -5 - -4235?
4230
In base 11, what is -3793 - -2?
-3791
In base 15, what is -66 - 119?
-180
In base 2, what is 1000111110 + -11000000011111?
-10110111100001
In base 15, what is -75 - -7?
-6d
In base 14, what is -15 + 18041?
1802a
In base 7, what is -2510206 - 2?
-2510211
In base 10, what is 0 + 786626?
786626
In base 14, what is 2a + 6a2?
6cc
In base 7, what is -564366 - -5?
-564361
In base 13, what is -5 + -11488?
-11490
In base 12, what is -14b - -164?
15
In base 8, what is -274 - -503?
207
In base 14, what is -32a2 - 8?
-32aa
In base 14, what is 2cc + -400?
-112
In base 13, what is 56 - -13500?
13556
In base 11, what is 2 + 1a6652?
1a6654
In base 4, what is -11 + -2332231?
-2332302
In base 8, what is -3 + -121656?
-121661
In base 12, what is -64bb - -4?
-64b7
In base 5, what is 22202402 - -1?
22202403
In base 8, what is -40 - 121?
-161
In base 11, what is -2279849 - 1?
-227984a
In base 4, what is 2332131 + 1?
2332132
In base 15, what is -33 + 708?
6c5
In base 16, what is -1009 + -5?
-100e
In base 12, what is -8768b8 - 0?
-8768b8
In base 8, what is 4 + 115424?
115430
In base 10, what is -10 - -3071?
3061
In base 3, what is 1 + -111212100?
-111212022
In base 9, what is -2 + -73670?
-73672
In base 10, what is 0 - 29704?
-29704
In base 7, what is -444 - 6331?
-10105
In base 4, what is 2133220112 - 1?
2133220111
In base 16, what is 130ce1 - 4?
130cdd
In base 15, what is -6c8a2 - 1?
-6c8a3
In base 6, what is -41322 - 5?
-41331
In base 16, what is -58 - 45e?
-4b6
In base 7, what is 4610336 + 3?
4610342
In base 7, what is 2 - 510302?
-510300
In base 9, what is -254 + 264?
10
In base 2, what is -1001100111110001100 - -1?
-1001100111110001011
In base 3, what is -2 - -1021110002?
1021110000
In base 9, what is 3 - 146762?
-146758
In base 9, what is 2613 - -65?
2678
In base 4, what is -110 - -22102131?
22102021
In base 15, what is -22a0 + 3?
-229c
In base 12, what is 2 + -732?
-730
In base 9, what is 2 + -208182?
-208180
In base 7, what is 36 + 3330?
3366
In base 14, what is 25a86 - 3?
25a83
In base 12, what is 8 + -2695b?
-26953
In base 4, what is -10222313 - -2100?
-10220213
In base 14, what is -b850 + 2?
-b84c
In base 14, what is -4 + -7bc25?
-7bc29
In base 5, what is 2422221 - 100?
2422121
In base 16, what is 1e14 + 16?
1e2a
In base 15, what is 25ed - 3?
25ea
In base 9, what is 7 - -53574?
53582
In base 14, what is -56 + -4ca?
-542
In base 12, what is 5 + 34518?
34521
In base 4, what is 111221002 + -3?
111220333
In base 16, what is -3 - -55a55?
55a52
In base 15, what is 4 - -e132?
e136
In base 10, what is 19 + 245842?
245861
In base 16, what is 106f86 + -2?
106f84
In base 13, what is 6963 + -2?
6961
In base 10, what is -6 + -3730?
-3736
In base 11, what is -600 + 1887?
1287
In base 4, what is -32223 + -33301?
-132130
In base 14, what is 3b + -9971?
-9934
In base 10, what is -16227 - 59?
-16286
In base 2, what is 1000011110001000 + -100?
1000011110000100
In base 12, what is 2 + 37a5?
37a7
In base 8, what is -101 + -3627?
-3730
In base 14, what is -654ba + -10?
-654ca
In base 9, what is -3 - -7260?
7256
In base 15, what is -3 - -bc85?
bc82
In base 13, what is -113 + -116?
-229
In base 10, what is 17 + -23223?
-23206
In base 11, what is 76a6 - 1?
76a5
In base 11, what is -9 + -492a?
-4938
In base 10, what is -18600 - 1?
-18601
In base 2, what is 110 - -101010100101001100?
101010100101010010
In base 4, what is -10 + -1301223?
-1301233
In base 5, what is 1040311234 - 1?
1040311233
In base 2, what is -10 + 11100010100110001010?
11100010100110001000
In base 16, what is -31f - -3d?
-2e2
In base 2, what is 101 + -100001111001111?
-100001111001010
In base 4, what is -11 - -1332221?
1332210
In base 4, what is -123302 - -31110?
-32132
In base 5, what is -10 + -12324013?
-12324023
In base 14, what is -2cc9 - -d?
-2cba
In base 2, what is -10101101001101110100 - -101?
-10101101001101101111
In base 8, what is 2 - -153340?
153342
In base 11, what is -275 + -8746?
-8a10
In base 5, what is 120200030 + 4?
120200034
In base 16, what is 2 - a8f59?
-a8f57
In base 13, what is -9 - 4671?
-467a
In base 8, what is 2241 + 1143?
3404
In base 5, what is 1 - 143134?
-143133
In base 15, what is -c6 - -14?
-b2
In base 8, what is 617 + 373?
1212
In base 15, what is 9 + 172cc?
172d6
In base 3, what is 1 + -222200222?
-222200221
In base 14, what is 44 - 5c3?
-57d
In base 12, what is b - 6066?
-6057
In base 11, what is -2947 - -239?
-2709
In base 15, what is -db42 + 5?
-db3c
In base 3, what is 1 + -22221222?
-22221221
In base 14, what is 14c4b1 + 4?
14c4b5
In base 2, what is 11010 + 100001011010111?
100001011110001
In base 9, what is 3218665 + -2?
3218663
In base 6, what is -1020 + -4424?
-5444
In base 5, what is 2333132411 - -1?
2333132412
In base 13, what is -5 - 2cc70?
-2cc75
In base 12, what is 491 + 44?
515
In base 16, what is -57df8 + -5?
-57dfd
In base 10, what is 5139 + -360?
4779
In base 11, what is 1697 + 2?
1699
In base 10, what is -4 + -12634?
-12638
In base 16, what is d - -192b?
1938
In base 4, what is 112322 + 1?
112323
In base 6, what is 5 + -1232350?
-1232341
In base 14, what is -5602 - 0?
-5602
In base 14, what is 35cd + -5?
35c8
In base 7, what is -540261 + 12?
-540246
In base 5, what is -224010 + -40?
-224100
In base 11, what is 9 - 14015?
-14007
In base 14, what is 1442d9 - -5?
144300
In base 7, what is 13153632 + -3?
13153626
In base 12, what is -118 + 31b?
203
In base 12, what is -5 + 49278?
49273
In base 8, what is -2540 - 1727?
-4467
In base 7, what is 565 - -42?
640
In base 2, what is 1100110011 + -100001?
1100010010
In base 13, what is -6a - 12406?
-12473
In base 15, what is 4b - 2ae?
-263
In base 13, what is -10 - -43c5c?
43c4c
In base 12, what is 10 - 1538?
-1528
In base 5, what is -14303424 - -1?
-14303423
In base 13, what is -33b78 - 2?
-33b7a
In base 14, what is -38c8d + 2?
-38c8b
In base 6, what is 42355 - 550?
41405
In base 13, what is -73 - -3b77?
3b04
In base 14, what is -233 - 1dd9?
-222c
In base 4, what is -111 + -1331111?
-1331222
In base 15, what is -a + a02?
9e7
In base 12, what is 114 + 8630?
8744
In base 12, what is -8308 + -2?
-830a
In base 16, what is -99ad - -3?
-99aa
In base 13, what is -363 + -3c?
-3a2
In base 14, what is 49cd2 + 7?
49cd9
In base 3, what is 21110 - 2002201?
-1211021
In base 2, what is -100 + -1110010000111001000?
-1110010000111001100
In base 7, what is -1202133 + -16?
-1202152
In base 9, what is -24316 + -25?
-24342
In base 8, what is -5 - 13523?
-13530
In base 6, what is -333534 + 44?
-333450
In base 9, what is 1 + 75780?
75781
In base 13, what is -2 - 511b1?
-511b3
In base 11, what is -46481 - -1?
-46480
In base 2, what is 11100 - 10001010010111?
-10001001111011
In base 12, what is 120 + -2a?
b2
In base 9, what is -187824 - 0?
-187824
In base 16, what is -2b + -9e86?
-9eb1
In base 7, what is 542 - 343?
166
In base 13, what is 87905 - -1?
87906
In base 9, what is -7 + -106721?
-106728
In base 16, what